{"id":146,"date":"2024-08-26T17:20:20","date_gmt":"2024-08-26T14:20:20","guid":{"rendered":"http:\/\/www.geziboomtravel.com\/?page_id=146"},"modified":"2024-10-07T14:04:04","modified_gmt":"2024-10-07T11:04:04","slug":"gunubirlik-turlar","status":"publish","type":"page","link":"http:\/\/www.geziboomtravel.com\/index.php\/gunubirlik-turlar\/","title":{"rendered":"G\u00fcn\u00fcbirlik Turlar"},"content":{"rendered":"\t\t<div data-elementor-type=\"wp-page\" data-elementor-id=\"146\" class=\"elementor elementor-146\">\n\t\t\t\t<div class=\"elementor-element elementor-element-34de8aeb e-flex e-con-boxed e-con e-parent\" data-id=\"34de8aeb\" data-element_type=\"container\" data-e-type=\"container\">\n\t\t\t\t\t<div class=\"e-con-inner\">\n\t\t\t\t<div class=\"elementor-element elementor-element-3dc29926 elementor-widget elementor-widget-text-editor\" data-id=\"3dc29926\" data-element_type=\"widget\" data-e-type=\"widget\" data-widget_type=\"text-editor.default\">\n\t\t\t\t<div class=\"elementor-widget-container\">\n\t\t\t\t\t\t\t\t\t\n<p><strong style=\"font-size: revert; color: var(--global-palette4);\">Yo\u011fun tempolu ya\u015fam\u0131n\u0131za k\u0131sa bir mola vermek ister misiniz? G\u00fcn\u00fcbirlik turlar\u0131m\u0131z, hafta sonlar\u0131 veya serbest g\u00fcnlerinizde h\u0131zl\u0131 bir ka\u00e7\u0131\u015f sa\u011flar. Size ve sevdiklerinize unutulmaz bir deneyim sunmak i\u00e7in \u00f6zenle haz\u0131rlad\u0131\u011f\u0131m\u0131z bu turlar, keyifli bir g\u00fcn ge\u00e7irme garantisi verir.<\/strong><\/p>\n\n\n\n<p><p><strong>Neler Sunuyoruz?<\/strong><\/p><\/p>\n\n\n\n<p><p><strong>Farkl\u0131 Temalar:<\/strong> Tarih, do\u011fa, k\u00fclt\u00fcr ve e\u011flence temal\u0131 turlar\u0131m\u0131zla ilginize hitap eden bir se\u00e7enek mutlaka bulacaks\u0131n\u0131z.<\/p><\/p>\n\n\n\n<p><p><strong>Profesyonel Rehberler:<\/strong> Alan\u0131nda uzman rehberlerimiz e\u015fli\u011finde, her destinasyonun tarihi ve k\u00fclt\u00fcrel zenginliklerini ke\u015ffedin.<\/p><\/p>\n\n\n\n<p><p><strong>Konforlu Ula\u015f\u0131m:<\/strong> Modern ve rahat otob\u00fcslerimizle g\u00fcvenli ve konforlu bir yolculuk yap\u0131n.<\/p><\/p>\n\n\n\n<p><p><strong>Lezzetli Molalar:<\/strong> Yerel lezzetleri tatma f\u0131rsat\u0131 sunan mola noktalar\u0131 ile damak zevkinizi \u015f\u0131mart\u0131n.<\/p><\/p>\n\n\n\n<p><p><strong>F\u0131rsatlar ve \u0130ndirimler:<\/strong> Erken rezervasyon ve grup indirimleri ile uygun fiyatlarla kaliteli bir deneyim ya\u015fay\u0131n.<\/p><strong>Turlar\u0131m\u0131za g\u00f6z at\u0131n, sizi ve sevdiklerinizi keyifli bir maceraya davet ediyoruz!<\/strong><\/p>\n\n\n\n<p><\/p>\n\t\t\t\t\t\t\t\t<\/div>\n\t\t\t\t<\/div>\n\t\t\t\t\t<\/div>\n\t\t\t\t<\/div>\n\t\t<div class=\"elementor-element elementor-element-ea8b4c7 e-flex e-con-boxed e-con e-parent\" data-id=\"ea8b4c7\" data-element_type=\"container\" data-e-type=\"container\">\n\t\t\t\t\t<div class=\"e-con-inner\">\n\t\t<div class=\"elementor-element elementor-element-87be1ee e-con-full e-flex e-con e-child\" data-id=\"87be1ee\" data-element_type=\"container\" data-e-type=\"container\">\n\t\t\t\t<div class=\"elementor-element elementor-element-84db919 elementor-widget elementor-widget-image\" data-id=\"84db919\" data-element_type=\"widget\" data-e-type=\"widget\" data-widget_type=\"image.default\">\n\t\t\t\t<div class=\"elementor-widget-container\">\n\t\t\t\t\t\t\t\t\t\t\t\t\t\t\t<img fetchpriority=\"high\" decoding=\"async\" width=\"829\" height=\"838\" src=\"http:\/\/www.geziboomtravel.com\/wp-content\/uploads\/2024\/08\/WhatsApp-Gorsel-2024-08-26-saat-17.18.44_a0802370.jpg\" class=\"attachment-large size-large wp-image-148\" alt=\"\" srcset=\"http:\/\/www.geziboomtravel.com\/wp-content\/uploads\/2024\/08\/WhatsApp-Gorsel-2024-08-26-saat-17.18.44_a0802370.jpg 829w, http:\/\/www.geziboomtravel.com\/wp-content\/uploads\/2024\/08\/WhatsApp-Gorsel-2024-08-26-saat-17.18.44_a0802370-297x300.jpg 297w, http:\/\/www.geziboomtravel.com\/wp-content\/uploads\/2024\/08\/WhatsApp-Gorsel-2024-08-26-saat-17.18.44_a0802370-768x776.jpg 768w\" sizes=\"(max-width: 829px) 100vw, 829px\" \/>\t\t\t\t\t\t\t\t\t\t\t\t\t\t\t<\/div>\n\t\t\t\t<\/div>\n\t\t\t\t<\/div>\n\t\t<div class=\"elementor-element elementor-element-7dbb6a2 e-con-full e-flex e-con e-child\" data-id=\"7dbb6a2\" data-element_type=\"container\" data-e-type=\"container\">\n\t\t<div class=\"elementor-element elementor-element-e8f40a2 e-con-full e-flex e-con e-child\" data-id=\"e8f40a2\" data-element_type=\"container\" data-e-type=\"container\">\n\t\t\t\t<div class=\"elementor-element elementor-element-7aed688 elementor-widget elementor-widget-heading\" data-id=\"7aed688\" data-element_type=\"widget\" data-e-type=\"widget\" data-widget_type=\"heading.default\">\n\t\t\t\t<div class=\"elementor-widget-container\">\n\t\t\t\t\t<h2 class=\"elementor-heading-title elementor-size-default\">CUMALIKIZIK-MUDANYA-TR\u0130LYE-G\u00d6LYAZI TURU<\/h2>\t\t\t\t<\/div>\n\t\t\t\t<\/div>\n\t\t\t\t<div class=\"elementor-element elementor-element-9f5413f elementor-widget elementor-widget-text-editor\" data-id=\"9f5413f\" data-element_type=\"widget\" data-e-type=\"widget\" data-widget_type=\"text-editor.default\">\n\t\t\t\t<div class=\"elementor-widget-container\">\n\t\t\t\t\t\t\t\t\t<p>F\u0130YATA DAH\u0130L OLANLAR<br \/>\u2714Gidi\u015f d\u00f6n\u00fc\u015f ula\u015f\u0131m <br \/>\u2714K\u00f6pr\u00fc otoban<br \/>\u2714T\u00fcm \u00e7evre gezileri <br \/>\u2714Profesyonel rehberlik hizmeti <br \/>\u2714Tur liderli\u011fi <br \/>\u2714Seyahat sigortas\u0131 (konaklamal\u0131 turlarda)<br \/>\u2714Ara\u00e7ta su ikram\u0131 <br \/>\u2714S\u0131n\u0131rs\u0131z g\u00fclery\u00fcz<\/p>\n<p>F\u0130YATA DAH\u0130L OLMAYANLAR <br \/>\u274c Serpme kahvalt\u0131<br \/>\u274c M\u00fcze \u00f6renyeri giri\u015fleri <br \/>\u274c\u00d6\u011fle ve ak\u015fam yeme\u011fi<br \/>\u274cT\u00fcm ki\u015fisel harcamalar<\/p>\t\t\t\t\t\t\t\t<\/div>\n\t\t\t\t<\/div>\n\t\t\t\t<\/div>\n\t\t<div class=\"elementor-element elementor-element-a90f807 e-con-full e-flex e-con e-child\" data-id=\"a90f807\" data-element_type=\"container\" data-e-type=\"container\">\n\t\t\t\t<div class=\"elementor-element elementor-element-f3a7e23 elementor-widget elementor-widget-button\" data-id=\"f3a7e23\" data-element_type=\"widget\" data-e-type=\"widget\" data-widget_type=\"button.default\">\n\t\t\t\t<div class=\"elementor-widget-container\">\n\t\t\t\t\t\t\t\t\t<div class=\"elementor-button-wrapper\">\n\t\t\t\t\t<a class=\"elementor-button elementor-button-link elementor-size-sm\" href=\"#\">\n\t\t\t\t\t\t<span class=\"elementor-button-content-wrapper\">\n\t\t\t\t\t\t\t\t\t<span class=\"elementor-button-text\">TUR PROGRAMINA ULA\u015eMAK \u0130\u00c7\u0130N TIKLAYIN<\/span>\n\t\t\t\t\t<\/span>\n\t\t\t\t\t<\/a>\n\t\t\t\t<\/div>\n\t\t\t\t\t\t\t\t<\/div>\n\t\t\t\t<\/div>\n\t\t\t\t<\/div>\n\t\t\t\t<\/div>\n\t\t\t\t\t<\/div>\n\t\t\t\t<\/div>\n\t\t<div class=\"elementor-element elementor-element-e8a9b7c e-flex e-con-boxed e-con e-parent\" data-id=\"e8a9b7c\" data-element_type=\"container\" data-e-type=\"container\">\n\t\t\t\t\t<div class=\"e-con-inner\">\n\t\t<div class=\"elementor-element elementor-element-c41974d e-con-full e-flex e-con e-child\" data-id=\"c41974d\" data-element_type=\"container\" data-e-type=\"container\">\n\t\t\t\t<div class=\"elementor-element elementor-element-36e71e3 elementor-widget elementor-widget-image\" data-id=\"36e71e3\" data-element_type=\"widget\" data-e-type=\"widget\" data-widget_type=\"image.default\">\n\t\t\t\t<div class=\"elementor-widget-container\">\n\t\t\t\t\t\t\t\t\t\t\t\t\t\t\t<img decoding=\"async\" width=\"1024\" height=\"1024\" src=\"http:\/\/www.geziboomtravel.com\/wp-content\/uploads\/2024\/10\/eskisehir-1024x1024.jpg\" class=\"attachment-large size-large wp-image-248\" alt=\"\" srcset=\"http:\/\/www.geziboomtravel.com\/wp-content\/uploads\/2024\/10\/eskisehir-1024x1024.jpg 1024w, http:\/\/www.geziboomtravel.com\/wp-content\/uploads\/2024\/10\/eskisehir-300x300.jpg 300w, http:\/\/www.geziboomtravel.com\/wp-content\/uploads\/2024\/10\/eskisehir-150x150.jpg 150w, http:\/\/www.geziboomtravel.com\/wp-content\/uploads\/2024\/10\/eskisehir-768x768.jpg 768w, http:\/\/www.geziboomtravel.com\/wp-content\/uploads\/2024\/10\/eskisehir.jpg 1080w\" sizes=\"(max-width: 1024px) 100vw, 1024px\" \/>\t\t\t\t\t\t\t\t\t\t\t\t\t\t\t<\/div>\n\t\t\t\t<\/div>\n\t\t\t\t<\/div>\n\t\t<div class=\"elementor-element elementor-element-a697f2a e-con-full e-flex e-con e-child\" data-id=\"a697f2a\" data-element_type=\"container\" data-e-type=\"container\">\n\t\t<div class=\"elementor-element elementor-element-71ae53c e-con-full e-flex e-con e-child\" data-id=\"71ae53c\" data-element_type=\"container\" data-e-type=\"container\">\n\t\t\t\t<div class=\"elementor-element elementor-element-dbae2c1 elementor-widget elementor-widget-heading\" data-id=\"dbae2c1\" data-element_type=\"widget\" data-e-type=\"widget\" data-widget_type=\"heading.default\">\n\t\t\t\t<div class=\"elementor-widget-container\">\n\t\t\t\t\t<h2 class=\"elementor-heading-title elementor-size-default\">ESK\u0130\u015eEH\u0130R TURU<\/h2>\t\t\t\t<\/div>\n\t\t\t\t<\/div>\n\t\t\t\t<div class=\"elementor-element elementor-element-4e43c5c elementor-widget elementor-widget-text-editor\" data-id=\"4e43c5c\" data-element_type=\"widget\" data-e-type=\"widget\" data-widget_type=\"text-editor.default\">\n\t\t\t\t<div class=\"elementor-widget-container\">\n\t\t\t\t\t\t\t\t\t<p><strong><span style=\"color: #000000; font-family: -apple-system, BlinkMacSystemFont, 'Segoe UI', Roboto, Helvetica, Arial, sans-serif; font-size: 14px;\">ESK\u0130\u015eEH\u0130R ODUN PAZARI TURU\ud83d\udccd<\/span><\/strong><br style=\"color: #000000; font-family: -apple-system, BlinkMacSystemFont, 'Segoe UI', Roboto, Helvetica, Arial, sans-serif; font-size: 14px;\" \/><span style=\"color: #000000; font-family: -apple-system, BlinkMacSystemFont, 'Segoe UI', Roboto, Helvetica, Arial, sans-serif; font-size: 14px;\">\ud83d\uddd3\ufe0f 29 EK\u0130M ( G\u00fcn\u00fcbirlik )<\/span><\/p>\n<p><strong><span style=\"color: #000000; font-family: -apple-system, BlinkMacSystemFont, 'Segoe UI', Roboto, Helvetica, Arial, sans-serif; font-size: 14px; text-align: var(--text-align);\">\ud83d\udccdF\u0130YATA DAH\u0130L OLANLAR\ud83d\udccd<\/span><\/strong><span style=\"color: #000000; font-family: -apple-system, BlinkMacSystemFont, 'Segoe UI', Roboto, Helvetica, Arial, sans-serif; font-size: 14px;\">\u2714\ufe0fGidi\u015f d\u00f6n\u00fc\u015f ula\u015f\u0131m<\/span><br style=\"color: #000000; font-family: -apple-system, BlinkMacSystemFont, 'Segoe UI', Roboto, Helvetica, Arial, sans-serif; font-size: 14px;\" \/><span style=\"color: #000000; font-family: -apple-system, BlinkMacSystemFont, 'Segoe UI', Roboto, Helvetica, Arial, sans-serif; font-size: 14px;\">\u2714\ufe0fAra\u00e7ta ( simit ve meyve suyu)<\/span><br style=\"color: #000000; font-family: -apple-system, BlinkMacSystemFont, 'Segoe UI', Roboto, Helvetica, Arial, sans-serif; font-size: 14px;\" \/><span style=\"color: #000000; font-family: -apple-system, BlinkMacSystemFont, 'Segoe UI', Roboto, Helvetica, Arial, sans-serif; font-size: 14px;\">\u2714\ufe0fProfesyonel rehberlik hizmeti<\/span><br style=\"color: #000000; font-family: -apple-system, BlinkMacSystemFont, 'Segoe UI', Roboto, Helvetica, Arial, sans-serif; font-size: 14px;\" \/><span style=\"color: #000000; font-family: -apple-system, BlinkMacSystemFont, 'Segoe UI', Roboto, Helvetica, Arial, sans-serif; font-size: 14px;\">\u2714\ufe0fSeyahat sigortas\u0131<\/span><br style=\"color: #000000; font-family: -apple-system, BlinkMacSystemFont, 'Segoe UI', Roboto, Helvetica, Arial, sans-serif; font-size: 14px;\" \/><span style=\"color: #000000; font-family: -apple-system, BlinkMacSystemFont, 'Segoe UI', Roboto, Helvetica, Arial, sans-serif; font-size: 14px;\">\u2714\ufe0fAra\u00e7 i\u00e7i su ikram\u0131<\/span><br style=\"color: #000000; font-family: -apple-system, BlinkMacSystemFont, 'Segoe UI', Roboto, Helvetica, Arial, sans-serif; font-size: 14px;\" \/><span style=\"color: #000000; font-family: -apple-system, BlinkMacSystemFont, 'Segoe UI', Roboto, Helvetica, Arial, sans-serif; font-size: 14px;\">\u2714\ufe0fTur liderli\u011fi<\/span><br style=\"color: #000000; font-family: -apple-system, BlinkMacSystemFont, 'Segoe UI', Roboto, Helvetica, Arial, sans-serif; font-size: 14px;\" \/><span style=\"color: #000000; font-family: -apple-system, BlinkMacSystemFont, 'Segoe UI', Roboto, Helvetica, Arial, sans-serif; font-size: 14px;\">\u2714\ufe0fS\u0131n\u0131rs\u0131z g\u00fclery\u00fcz<\/span><br style=\"color: #000000; font-family: -apple-system, BlinkMacSystemFont, 'Segoe UI', Roboto, Helvetica, Arial, sans-serif; font-size: 14px;\" \/><br style=\"color: #000000; font-family: -apple-system, BlinkMacSystemFont, 'Segoe UI', Roboto, Helvetica, Arial, sans-serif; font-size: 14px;\" \/><strong><span style=\"color: #000000; font-family: -apple-system, BlinkMacSystemFont, 'Segoe UI', Roboto, Helvetica, Arial, sans-serif; font-size: 14px;\">\ud83d\udccdF\u0130YATA DAH\u0130L OLMAYANLAR\ud83d\udccd<\/span><\/strong><br style=\"color: #000000; font-family: -apple-system, BlinkMacSystemFont, 'Segoe UI', Roboto, Helvetica, Arial, sans-serif; font-size: 14px;\" \/><span style=\"color: #000000; font-family: -apple-system, BlinkMacSystemFont, 'Segoe UI', Roboto, Helvetica, Arial, sans-serif; font-size: 14px;\">\u274c\u00d6\u011fle ve ak\u015fam yemekleri<\/span><br style=\"color: #000000; font-family: -apple-system, BlinkMacSystemFont, 'Segoe UI', Roboto, Helvetica, Arial, sans-serif; font-size: 14px;\" \/><span style=\"color: #000000; font-family: -apple-system, BlinkMacSystemFont, 'Segoe UI', Roboto, Helvetica, Arial, sans-serif; font-size: 14px;\">\u274c\u00d6zel harcamalar<\/span><br style=\"color: #000000; font-family: -apple-system, BlinkMacSystemFont, 'Segoe UI', Roboto, Helvetica, Arial, sans-serif; font-size: 14px;\" \/><span style=\"color: #000000; font-family: -apple-system, BlinkMacSystemFont, 'Segoe UI', Roboto, Helvetica, Arial, sans-serif; font-size: 14px;\">\u274cM\u00fcze \u00f6renyeri giri\u015f \u00fccretleri<\/span><br style=\"color: #000000; font-family: -apple-system, BlinkMacSystemFont, 'Segoe UI', Roboto, Helvetica, Arial, sans-serif; font-size: 14px;\" \/><span style=\"color: #000000; font-family: -apple-system, BlinkMacSystemFont, 'Segoe UI', Roboto, Helvetica, Arial, sans-serif; font-size: 14px;\">\u274cGondol<\/span><\/p>\t\t\t\t\t\t\t\t<\/div>\n\t\t\t\t<\/div>\n\t\t\t\t<\/div>\n\t\t<div class=\"elementor-element elementor-element-252c5f6 e-con-full e-flex e-con e-child\" data-id=\"252c5f6\" data-element_type=\"container\" data-e-type=\"container\">\n\t\t\t\t<div class=\"elementor-element elementor-element-5d6c726 elementor-widget elementor-widget-button\" data-id=\"5d6c726\" data-element_type=\"widget\" data-e-type=\"widget\" data-widget_type=\"button.default\">\n\t\t\t\t<div class=\"elementor-widget-container\">\n\t\t\t\t\t\t\t\t\t<div class=\"elementor-button-wrapper\">\n\t\t\t\t\t<a class=\"elementor-button elementor-button-link elementor-size-sm\" href=\"https:\/\/www.geziboomtravel.com\/index.php\/2024\/10\/07\/eskisehir-odunpazari-tur-programi\/\">\n\t\t\t\t\t\t<span class=\"elementor-button-content-wrapper\">\n\t\t\t\t\t\t\t\t\t<span class=\"elementor-button-text\">TUR PROGRAMINA ULA\u015eMAK \u0130\u00c7\u0130N TIKLAYIN<\/span>\n\t\t\t\t\t<\/span>\n\t\t\t\t\t<\/a>\n\t\t\t\t<\/div>\n\t\t\t\t\t\t\t\t<\/div>\n\t\t\t\t<\/div>\n\t\t\t\t<\/div>\n\t\t\t\t<\/div>\n\t\t\t\t\t<\/div>\n\t\t\t\t<\/div>\n\t\t<div class=\"elementor-element elementor-element-40514ab e-flex e-con-boxed e-con e-parent\" data-id=\"40514ab\" data-element_type=\"container\" data-e-type=\"container\">\n\t\t\t\t\t<div class=\"e-con-inner\">\n\t\t<div class=\"elementor-element elementor-element-6d1c25e e-con-full e-flex e-con e-child\" data-id=\"6d1c25e\" data-element_type=\"container\" data-e-type=\"container\">\n\t\t\t\t<div class=\"elementor-element elementor-element-e412959 elementor-widget elementor-widget-image\" data-id=\"e412959\" data-element_type=\"widget\" data-e-type=\"widget\" data-widget_type=\"image.default\">\n\t\t\t\t<div class=\"elementor-widget-container\">\n\t\t\t\t\t\t\t\t\t\t\t\t\t\t\t<img decoding=\"async\" width=\"1024\" height=\"1024\" src=\"http:\/\/www.geziboomtravel.com\/wp-content\/uploads\/2024\/10\/YEDIGOLLER-TURU-1024x1024.png\" class=\"attachment-large size-large wp-image-250\" alt=\"\" srcset=\"http:\/\/www.geziboomtravel.com\/wp-content\/uploads\/2024\/10\/YEDIGOLLER-TURU-1024x1024.png 1024w, http:\/\/www.geziboomtravel.com\/wp-content\/uploads\/2024\/10\/YEDIGOLLER-TURU-300x300.png 300w, http:\/\/www.geziboomtravel.com\/wp-content\/uploads\/2024\/10\/YEDIGOLLER-TURU-150x150.png 150w, http:\/\/www.geziboomtravel.com\/wp-content\/uploads\/2024\/10\/YEDIGOLLER-TURU-768x768.png 768w, http:\/\/www.geziboomtravel.com\/wp-content\/uploads\/2024\/10\/YEDIGOLLER-TURU-1536x1536.png 1536w, http:\/\/www.geziboomtravel.com\/wp-content\/uploads\/2024\/10\/YEDIGOLLER-TURU-2048x2048.png 2048w\" sizes=\"(max-width: 1024px) 100vw, 1024px\" \/>\t\t\t\t\t\t\t\t\t\t\t\t\t\t\t<\/div>\n\t\t\t\t<\/div>\n\t\t\t\t<\/div>\n\t\t<div class=\"elementor-element elementor-element-10734f3 e-con-full e-flex e-con e-child\" data-id=\"10734f3\" data-element_type=\"container\" data-e-type=\"container\">\n\t\t<div class=\"elementor-element elementor-element-1fc1fbd e-con-full e-flex e-con e-child\" data-id=\"1fc1fbd\" data-element_type=\"container\" data-e-type=\"container\">\n\t\t\t\t<div class=\"elementor-element elementor-element-114e623 elementor-widget elementor-widget-heading\" data-id=\"114e623\" data-element_type=\"widget\" data-e-type=\"widget\" data-widget_type=\"heading.default\">\n\t\t\t\t<div class=\"elementor-widget-container\">\n\t\t\t\t\t<h2 class=\"elementor-heading-title elementor-size-default\">YED\u0130G\u00d6LLER TURU<\/h2>\t\t\t\t<\/div>\n\t\t\t\t<\/div>\n\t\t\t\t<div class=\"elementor-element elementor-element-7fe872e elementor-widget elementor-widget-text-editor\" data-id=\"7fe872e\" data-element_type=\"widget\" data-e-type=\"widget\" data-widget_type=\"text-editor.default\">\n\t\t\t\t<div class=\"elementor-widget-container\">\n\t\t\t\t\t\t\t\t\t<p><strong>G\u00dcN\u00dcB\u0130RL\u0130K YED\u0130G\u00d6LLER TURU<span style=\"color: #000000; font-family: -apple-system, BlinkMacSystemFont, 'Segoe UI', Roboto, Helvetica, Arial, sans-serif; font-size: 14px;\">\ud83d\udccd<\/span><\/strong><br \/>\ud83d\uddd3\ufe0f 02 KASIM CUMARTES\u0130<\/p>\n<p><strong><span style=\"color: #000000; font-family: -apple-system, BlinkMacSystemFont, 'Segoe UI', Roboto, Helvetica, Arial, sans-serif; font-size: 14px;\">\ud83d\udccd<\/span>F\u0130YATA DAH\u0130L OLANLAR<span style=\"color: #000000; font-family: -apple-system, BlinkMacSystemFont, 'Segoe UI', Roboto, Helvetica, Arial, sans-serif; font-size: 14px;\">\ud83d\udccd<\/span><\/strong><br \/>\u2714\ufe0fG\u0130D\u0130\u015e D\u00d6N\u00dc\u015e ULA\u015eIM<br \/>\u2714\ufe0fZORUNLU SEYAHAT S\u0130GORTASI( KONAKLAMALI TURLARDA<br \/>\u2714\ufe0fARA\u00c7TA ( simit ve meyvesuyu) KAHVALTI \u0130KRAMI<br \/>\u2714\ufe0fM\u0130LL\u0130 PARK G\u0130R\u0130\u015e \u00dcCRET\u0130<br \/>\u2714\ufe0fOTOPARK \u00dcCRETLER\u0130<br \/>\u2714\ufe0fT\u00dcM \u00c7EVRE GEZ\u0130LER\u0130<br \/>\u2714\ufe0fTUR L\u0130DERL\u0130\u011e\u0130<br \/>\u2714\ufe0fARA\u00c7 \u0130\u00c7\u0130 SU \u0130KRAMI<br \/><br \/><strong><span style=\"color: #000000; font-family: -apple-system, BlinkMacSystemFont, 'Segoe UI', Roboto, Helvetica, Arial, sans-serif; font-size: 14px;\">\ud83d\udccd<\/span>F\u0130YATA DAH\u0130L OLMAYANLAR<span style=\"color: #000000; font-family: -apple-system, BlinkMacSystemFont, 'Segoe UI', Roboto, Helvetica, Arial, sans-serif; font-size: 14px;\">\ud83d\udccd<\/span><\/strong><br \/>\u274cK\u0130\u015e\u0130SEL HARCAMALAR<br \/>\u274c\u00d6\u011eLE YEME\u011e\u0130( SUCUK VEYA K\u00d6FTE EKMEK)<br \/>\u274cM\u00dcZE \u00d6REN YER\u0130 G\u0130R\u0130\u015e \u00dcCRETLER\u0130<\/p>\t\t\t\t\t\t\t\t<\/div>\n\t\t\t\t<\/div>\n\t\t\t\t<\/div>\n\t\t<div class=\"elementor-element elementor-element-5410307 e-con-full e-flex e-con e-child\" data-id=\"5410307\" data-element_type=\"container\" data-e-type=\"container\">\n\t\t\t\t<div class=\"elementor-element elementor-element-94ccf57 elementor-widget elementor-widget-button\" data-id=\"94ccf57\" data-element_type=\"widget\" data-e-type=\"widget\" data-widget_type=\"button.default\">\n\t\t\t\t<div class=\"elementor-widget-container\">\n\t\t\t\t\t\t\t\t\t<div class=\"elementor-button-wrapper\">\n\t\t\t\t\t<a class=\"elementor-button elementor-button-link elementor-size-sm\" href=\"https:\/\/www.geziboomtravel.com\/index.php\/2024\/10\/07\/yedigoller-tur-programi\/\">\n\t\t\t\t\t\t<span class=\"elementor-button-content-wrapper\">\n\t\t\t\t\t\t\t\t\t<span class=\"elementor-button-text\">TUR PROGRAMINA ULA\u015eMAK \u0130\u00c7\u0130N TIKLAYIN<\/span>\n\t\t\t\t\t<\/span>\n\t\t\t\t\t<\/a>\n\t\t\t\t<\/div>\n\t\t\t\t\t\t\t\t<\/div>\n\t\t\t\t<\/div>\n\t\t\t\t<\/div>\n\t\t\t\t<\/div>\n\t\t\t\t\t<\/div>\n\t\t\t\t<\/div>\n\t\t\t\t<\/div>\n\t\t","protected":false},"excerpt":{"rendered":"<p>Yo\u011fun tempolu ya\u015fam\u0131n\u0131za k\u0131sa bir mola vermek ister misiniz? G\u00fcn\u00fcbirlik turlar\u0131m\u0131z, hafta sonlar\u0131 veya serbest g\u00fcnlerinizde h\u0131zl\u0131 bir ka\u00e7\u0131\u015f sa\u011flar. Size ve sevdiklerinize unutulmaz bir deneyim sunmak i\u00e7in \u00f6zenle haz\u0131rlad\u0131\u011f\u0131m\u0131z bu turlar, keyifli bir g\u00fcn ge\u00e7irme garantisi verir. Neler Sunuyoruz? Farkl\u0131 Temalar: Tarih, do\u011fa, k\u00fclt\u00fcr ve e\u011flence temal\u0131 turlar\u0131m\u0131zla ilginize hitap eden bir se\u00e7enek mutlaka&#8230;<\/p>\n","protected":false},"author":1,"featured_media":0,"parent":0,"menu_order":0,"comment_status":"closed","ping_status":"closed","template":"","meta":{"_kad_post_transparent":"","_kad_post_title":"","_kad_post_layout":"","_kad_post_sidebar_id":"","_kad_post_content_style":"","_kad_post_vertical_padding":"","_kad_post_feature":"","_kad_post_feature_position":"","_kad_post_header":false,"_kad_post_footer":false,"_kad_post_classname":"","footnotes":""},"class_list":["post-146","page","type-page","status-publish","hentry"],"_links":{"self":[{"href":"http:\/\/www.geziboomtravel.com\/index.php\/wp-json\/wp\/v2\/pages\/146","targetHints":{"allow":["GET"]}}],"collection":[{"href":"http:\/\/www.geziboomtravel.com\/index.php\/wp-json\/wp\/v2\/pages"}],"about":[{"href":"http:\/\/www.geziboomtravel.com\/index.php\/wp-json\/wp\/v2\/types\/page"}],"author":[{"embeddable":true,"href":"http:\/\/www.geziboomtravel.com\/index.php\/wp-json\/wp\/v2\/users\/1"}],"replies":[{"embeddable":true,"href":"http:\/\/www.geziboomtravel.com\/index.php\/wp-json\/wp\/v2\/comments?post=146"}],"version-history":[{"count":13,"href":"http:\/\/www.geziboomtravel.com\/index.php\/wp-json\/wp\/v2\/pages\/146\/revisions"}],"predecessor-version":[{"id":278,"href":"http:\/\/www.geziboomtravel.com\/index.php\/wp-json\/wp\/v2\/pages\/146\/revisions\/278"}],"wp:attachment":[{"href":"http:\/\/www.geziboomtravel.com\/index.php\/wp-json\/wp\/v2\/media?parent=146"}],"curies":[{"name":"wp","href":"https:\/\/api.w.org\/{rel}","templated":true}]}}